 l*o, 3*g - 14*o = -11*o + 11196. Is g a composite number?
True
Let o(q) = 3*q**2 + 8*q - 7. Let r be o(1). Suppose r*w - 13828 = 4*b, -w - 528 = -5*b - 3993. Is w composite?
True
Suppose -16*j + 7*j + 4*j = -1984385. Is j composite?
True
Let f = 91 - 55. Let v = f - 31. Suppose -795 = -5*q - v*g, -q - 2*g = -57 - 100. Is q prime?
False
Suppose 39*q = 30*q + 27. Suppose -2*k + o + 8525 = 0, 8550 = -q*k + 5*k + 4*o. Is k a prime number?
False
Suppose 39*b + 901478 = 44*b - 4*u, -3 = -u. Is b prime?
False
Let y be 6 + 18286 + (-8)/(-1). Is 1/(y/18294 + -1) prime?
True
Let a = 5372 + -2997. Suppose -a + 8517 = 2*o. Is o composite?
True
Suppose -19*o = -89 - 63. Suppose o*s = 19*s - 4829. Is s a composite number?
False
Suppose 7*m + 3*v = 3*m + 19, -m + 1 = -3*v. Suppose -5*q + m = -3*q. Suppose -34 = q*i - 348. Is i prime?
True
Let k = 253 - 249. Suppose 5*a = p - 48 - 10, -3*p = k*a - 155. Is p composite?
False
Suppose -23*t + 611013 = -675170. Is t a composite number?
False
Let l(q) = -2*q + 31. Let s be l(28). Let v(m) = -992*m - 111. Is v(s) a composite number?
True
Let w(m) = -7*m**3 - 5*m**2 - 26*m + 25. Suppose 0 = 117*b - 113*b + 56. Is w(b) a composite number?
False
Suppose -14166*o = -14161*o - 101615. Is o prime?
True
Suppose -3*c = -4*u + 2293913, 0 = 3*u - 8*c - 668714 - 1051761. Is u prime?
True
Suppose 6*c = -3*q + 10*c + 131509, -2*c = -q + 43833. Is q composite?
True
Suppose -15*t + 2385098 + 417473 + 1481414 = 0. Is t a prime number?
True
Suppose -5*i + i - 3133770 = -34*i. Is i a composite number?
False
Suppose 3*d = -5*r + 46, -5*d + 6 = -5*r - 4. Suppose 3199 = f + d*c - 3*c, -2*f - c = -6405. Is f prime?
True
Let d(p) = p**2 + 9*p - 19. Let s be d(-11). Let f be (s + -4)*2 - -2. Suppose 0 = 5*i - q - f*q - 4254, -2557 = -3*i - 4*q. Is i a composite number?
True
Is 5 + 75531*16/72*3 a composite number?
False
Let m = -60 - -60. Suppose 2*j + 0 - 8 = m. Suppose 2*r + j*w = 602, 3*w = -2*r + 519 + 86. Is r prime?
True
Let k(f) = 4*f**3 + 131*f**2 + 112*f - 122. Let p(n) = n**3 + 44*n**2 + 37*n - 41. Let x(m) = -2*k(m) + 7*p(m). Is x(20) prime?
True
Suppose 5*k + 1662 = 2*t, 0 = 2*t - 0*k + 2*k - 1634. Let i = t - -617. Is i prime?
False
Let n(a) be the first derivative of 843*a**4/2 + 2*a**3/3 - a**2 + 3*a - 12. Is n(2) prime?
False
Let d(w) = -8*w**3 + 55*w**2 - 122*w**2 - 1 + 52*w**2 - 9*w. Is d(-8) a composite number?
True
Let g = -55600 + 120971. Is g prime?
True
Suppose -23*i = -471218 - 174052 - 787423. Is i a composite number?
True
Suppose -5*l + 1043801 = 3*d, -33 + 23 = -5*d. Is l a prime number?
True
Let h be -3*-8*(-7)/(-42). Suppose -6310 = -2*g + 2*i, 0 = h*g + g + i - 15775. Is g composite?
True
Suppose g - 2*n = 0, -g - 2*n = -4*g - 12. Let w(i) = 58*i**2 + 4*i + 37. Is w(g) composite?
True
Let d(c) = c**2 - 5*c - 28. Let l be d(11). Suppose -l*s + 40285 = -3*s. Is s composite?
False
Let h = 5089 + -83. Is h composite?
True
Suppose -8*t - 2*l = -7*t - 2472, 0 = 2*l + 6. Let i be 5061 - (-3 - -3) - 4. Let c = i - t. Is c a composite number?
False
Suppose 25 = d + 4*d. Suppose -2*j = -5*j - 3*u + 147, 2*u = -d*j + 257. Is j composite?
False
Suppose -63*m + 873129 + 60613 = -29*m. Is m a composite number?
True
Is 54508084/1010 - (-1 - 4/(-10)) a prime number?
False
Let r(j) = 136*j**2 - 2*j + 7. Let t(v) = 409*v**2 - 5*v + 20. Let x(c) = -11*r(c) + 4*t(c). Let n = -1 - 0. Is x(n) a prime number?
False
Suppose 1 = 5*a + 3*p - 33, 2*a = 5*p + 26. Suppose a*z - 24 = -0*z. Suppose -n = l - 438, -z*l = -n - 761 - 573. Is l a prime number?
True
Suppose -23*r + 211914 = -17*r. Let w = r + 1646. Is w composite?
True
Let f = 17771 - 30822. Let g = f - -24930. Is g prime?
False
Let k = 23 + 389. Suppose -599 = -n - 2*n + 2*d, 2*n - k = -5*d. Is (1 - 12/9)*n/(-1) a prime number?
True
Let x = -896 + 874. Is (-3)/2 + 2 - 71951/x composite?
False
Suppose 4*n - b = 3*b - 4, 0 = -3*n + 4*b - 8. Let u(v) = v**3 + 3*v**2 - 7*v - 6. Let q be u(n). Suppose 3*i = -15, i - 150 = -t + q. Is t a prime number?
True
Let z = 0 - -7. Let f(x) = -x**3 + 7*x**2 + 11 + 0*x + 5*x - x. Is f(z) composite?
True
Suppose 4*n - 52963 = -k, 4*k + 75865 = -4*n + 287717. Is k a prime number?
True
Let b = -26 + 31. Suppose 0 = 5*z - 5*r - 2255, 0 = -b*z - 2*r + 6*r + 2259. Let d = 1006 - z. Is d a prime number?
False
Let f = -74270 - -218011. Is f a prime number?
False
Suppose -4*z = 17*z + 24066. Let x = 95 - z. Is x a composite number?
True
Let c(r) = 238*r**2 - 10*r - 21. Suppose -3*a + 3*v + 0*v - 12 = 0, -5*v = -3*a - 12. Is c(a) a composite number?
True
Suppose -21*h + 24 = -19*h. Let z be ((-13)/(-39))/(1/h). Is z/6*(-29331)/(-6) composite?
False
Let y = -3254 - -4947. Let x = y + 280. Is x a prime number?
True
Let q(v) = 4 - 23*v + 3*v**2 + 7 + 4*v**2 + v**3 + 9*v**2. Let u be q(-19). Let f = u - -2838. Is f composite?
False
Let j(b) = b**3 + 29*b**2 + 17*b + 142. Let y be j(-23). Suppose 3*i - 5*i = -5*u + y, 2*i - 1771 = -3*u. Is u a prime number?
True
Let d(k) = 90*k**2 + 9*k - 88. Suppose 2*o - 33 = -3*t, -17*o + 13*o = -4*t - 16. Is d(o) composite?
False
Suppose 3*o - 5*x = 37, -45 = -7*o + 2*o + 5*x. Is 6/12 - (-3 - 22574/o) a prime number?
True
Suppose -113 = -6*h + 7. Let t = 22 - h. Is t/((-3)/390*-4) composite?
True
Suppose 2*x - 63532 = 5*r, 4*x - 50828 = 5*r - r. Is r*4/8*-1 prime?
True
Let m = -3177 + 6682. Suppose 2*c = 5*s - 4684 - m, s = -c + 1635. Is s a composite number?
False
Let u = -146553 + 206552. Is u prime?
True
Is 32/(-3)*(-8547552)/1152 + (-1 - 2) a composite number?
True
Suppose -2*x = 2, -15*x + 18*x = 3*b - 3. Suppose -95*i + 99*i - 215780 = b. Is i a prime number?
False
Suppose -3*u + 5*o + 470701 = 0, 4*o - 313742 = -166*u + 164*u. Is u composite?
False
Let p(v) = -2*v**3 - 212*v**2 - 231*v - 890. Is p(-105) prime?
False
Let s(k) = 257*k**2 + 23*k - 117. Is s(46) composite?
True
Let y(o) = -o**3 + 40*o**2 - 54*o + 22. Is y(31) a prime number?
True
Let w = -76473 - -136682. Is w prime?
True
Suppose -y + 5 = 1, 4*k - 20 = -5*y. Let i = 115 - 482. Is 3/15*k - i prime?
True
Let z = -129 + 125. Let k = 1 - z. Suppose -q - k*a + 120 + 255 = 0, -q = -4*a - 411. Is q prime?
False
Let x be (-88)/(-132)*2/(4/6). Is (-2419644)/(-609) + x/(-14) a prime number?
False
Suppose 9 = 17*y - 18*y. Suppose -3*f + 5*f - 310 = 0. Let r = y + f. Is r a composite number?
True
Suppose 22*c + 6772778 = 163*c - 2914909. Is c a composite number?
True
Is ((-7928)/20)/(4*5/(-1850)) prime?
False
Suppose -40*m + 1767698 = -5785154 - 406788. Is m a prime number?
False
Suppose 34 = -2*y + o - 27, -142 = 4*y + 2*o. Let a = -32 - y. Is 1*a*251/1 a prime number?
True
Let u = 70 - 68. Let i be (-5 - u)*((0 - 3) + 2). Is 2/i + 887*(-5)/(-35) a composite number?
False
Let g(t) = 1096*t**2 + 1. Suppose 0 = -17*f + 20*f + 9. Is g(f) prime?
False
Is (-13 - (-651387)/22)*2 prime?
False
Suppose -x - 3*u = -200224, -x + 63*u - 58*u = -200184. Is x a composite number?
True
Suppose 0 = 8*u - 4*u - 176. Is (-3203)/(2 - u/20) composite?
True
Let t(d) = 13*d**2 - 2024*d + 46. Let g(w) = 9*w**2 - 1349*w + 31. Let k(v) = 7*g(v) - 5*t(v). Let y(c) be the first derivative of k(c). Is y(0) composite?
False
Let q = -136 - -151. Suppose -18*y = -q*y - 4191. Is y composite?
True
Let b(f) = 224*f**2 + 19*f - 16. Is b(-21) composite?
False
Let v = -773 + 404. Let y = -263 - v. Let s = 205 + y. Is s prime?
True
Let l(d) = 33 - 94 + 46*d**2 + 30 + 3*d + 28. Let g(t) = -t + 9. Let x be g(7). Is l(x) a prime number?
False
Let t(z) be the first derivative of 2385*z**2 + 59*z - 93. Is t(3) prime?
True
Let s(v) = 115956*v + 4183. Is s(5) prime?
False
Suppose -8*t = -9*t + 118671. Suppose -t = -10*z - 26851. Is z a prime number?
False
Let k(u) = -u - 3. Let z be k(-5). Suppose 0 = -j - 17*o + 20*o + 67, 5*j - 335 = 3*o. Let p = j - z. Is p a prime number?
False
Let v = 136842 + -34885. Is v a composite number?
False
Let q(i) = 3*i + 50. Let u be q(-15). Suppose -u*k + 13711 = -7044. Is k prime?
False
Let x(m) = m - 1. Let r be x(1). Suppose 75*z = 73*z + 5*c + 28, 2*z + c - 16 = 0. Suppose r = 5*j - z*j + 7036. Is j composite?
False
Let t(o) = 10*o**2 - 9*o + 3. Let v(g) be the second derivative of -g**3/6 - 2*g**2 - 16*g. Let c be v(-8). Is t(c) composite?
False
Let u = 23 - 18. S